 What is the remainder when 138 is divided by g?
33
Suppose -2*k + 1906 = 4*w, k + 1966 = 15*w - 5139. What is the remainder when w is divided by 106?
50
Let k be (-1)/(-2)*-4 + -5 + 11. Suppose -s - 10 = -2*z - 7, k*z - 41 = -3*s. What is the remainder when 306/10 - (-4)/10 is divided by s?
3
Suppose 51*j - 3040 = 75*j - 62*j. Let k = -26 + 91. Calculate the remainder when j is divided by k.
15
Let z be 4/6*-6 - -298. Suppose -o = -8*o + z. Calculate the remainder when 15/(-3) + 0 - -128 is divided by o.
39
Let y = -1760 + 2432. What is the remainder when y is divided by 13?
9
Let a(d) = -12*d - 34. Let h = 285 - 289. What is the remainder when 97 is divided by a(h)?
13
Let c = 152 - 96. What is the remainder when c is divided by 168/10*((-20)/(-13))/(140/130)?
8
Suppose -99 = -11*u + 374. Calculate the remainder when 156 + -6*110/(-60) is divided by u.
38
Suppose 0 = 2*j - 2*q - 6, 3*q + 57 = 4*j + 8*q. Suppose -285 = -13*s - 233. Calculate the remainder when j is divided by s.
0
Suppose -73 = -460*v + 818 + 29. Calculate the remainder when v is divided by 4*(-2*1)/(-8).
0
Suppose -5*y - 23 = -78. Let t be (8 - 9) + y/1. Let h(i) = 11*i - 14. What is the remainder when h(t) is divided by 33?
30
Let s = 79 - 41. Calculate the remainder when (2 - 27/(-18))/(79/3160) is divided by s.
26
Let y be (10 - 2) + -4 - 132/3. Let h = 64 + y. Calculate the remainder when 71 is divided by h.
23
Suppose 815 = 4*m - 1009. Suppose 65*r = 73*r - m. What is the remainder when r is divided by 17?
6
Let q be (-202)/((0 + 2 - 1)/2). Let i = -336 - q. Calculate the remainder when 198 is divided by i.
62
Suppose -2*j + 33 = -k + 224, 4*k = -3*j + 687. What is the remainder when 600 is divided by k?
69
Let h(j) = -2*j**2 - 14*j + 13. Suppose -4*r + 2*w - 22 = -w, r + 2*w = -11. What is the remainder when h(r) is divided by 2/(-7) + (-5)/(-70)*102?
6
Calculate the remainder when 4039932/3952 - (1/4 + 0) is divided by 56.
14
Suppose -p + 6*p = 3*y - 252, 3*y - p - 228 = 0. Calculate the remainder when 307 is divided by y.
11
Let z(k) = -5*k - 14. Let g(t) = -t**3 - 4*t**2 + t. Let q be g(-4). What is the remainder when 160 is divided by z(q)?
4
Let h(g) = 1251*g**2 + 228*g - 1449. Calculate the remainder when h(6) is divided by 127.
124
Let u(x) = -19*x**2 - 37*x + 39. Let f be u(-16). Calculate the remainder when ((20/(-3))/2)/(166/f) is divided by 11.
8
Let y(a) = 12*a - 86. Let t be y(8). Suppose 4*i = 8, -15 = -o - 4*i + t. What is the remainder when 135 is divided by o?
16
Let j = -5100 - -8689. What is the remainder when j is divided by 3?
1
Calculate the remainder when (12 + (-45)/10)/(3/50) is divided by 23.
10
Suppose r - 3*u - 411 = 0, -84*r + 1225 = -81*r - u. What is the remainder when r is divided by 85?
68
Let t(o) = -5*o**3 + 36*o**2 - 8*o + 3. Let u be t(7). What is the remainder when 105 is divided by ((-4247)/(-274))/(-1*2/u)?
12
Suppose 21 = 4*z + 3*a - 6*a, 4*a = 5*z - 27. Let u = 0 + z. Let m(l) = -l**3 + 4*l**2 - 3*l + 6. Calculate the remainder when 10 is divided by m(u).
4
Suppose -85 = -5*r - 4*x, -2*x - 11 + 1 = 0. What is the remainder when (4*4/(-3))/((-18)/135) is divided by r?
19
Let i(n) = 90*n - 1297. Calculate the remainder when 164 is divided by i(15).
5
Suppose 20*d - 84 = 17*d. What is the remainder when 915 is divided by d?
19
What is the remainder when 11965 is divided by ((-5)/(-20)*-11)/(21/28 - 1)?
8
Let s(d) = 4*d - 29. Suppose 0 = 5*r + 5*r - 110. Calculate the remainder when 43 is divided by s(r).
13
Suppose 87*w + 233 = 2*c + 84*w, -3*c - 2*w = -369. Calculate the remainder when c is divided by 115.
6
Let o be 27 - 2/(-3 + 2). Let g = 3 + o. Suppose -f + 2*q - 3 = -20, 3*f + 5*q = 51. Calculate the remainder when g is divided by f.
15
What is the remainder when 512 is divided by (8/(-16))/((26/252)/(-13))?
8
Let l(v) = 102*v + 1232. What is the remainder when 294 is divided by l(-12)?
6
Suppose 0 = 3*p + c - 57, 38*c - 36 = -3*p + 30*c. Calculate the remainder when 125 is divided by p.
5
Suppose -5*h + 4*f = 9*f + 85, 71 = -4*h - 3*f. What is the remainder when 4 + h/(-12)*3 is divided by 6?
3
Let x be ((-4)/34 + 6825/(-221))*-1. Suppose 0 = 10*l + x - 141. What is the remainder when 31 is divided by l?
9
What is the remainder when (0 + -1)/((-36)/(110*918)) is divided by 18?
15
Suppose -10*u = -743 - 17. Calculate the remainder when u is divided by ((-49)/35)/((1 - 2)/5).
6
Suppose 6*w = w - 20. Let f be (-132)/8*w/(-6)*-14. Suppose f = 12*i - 5*i. What is the remainder when 61 is divided by i?
17
Let h = 25 - 82. Let f = -41 - h. Suppose 0 = 2*v - 0*v - 56. What is the remainder when v is divided by f?
12
Let c be (-22)/(-3*2/6). Let d(k) = 13 - 2*k + 4*k + 3*k - 4*k. Calculate the remainder when 135 is divided by d(c).
30
Let c(s) = -85 - 10*s - 17*s - 28*s + 29*s. What is the remainder when c(-6) is divided by 25?
21
Let n = -49 + 138. What is the remainder when n is divided by (-9)/(28 - 9079/322)?
43
Suppose 1901 = 31*j - 1757. Suppose 0 = -4*f + 2*y + j, -2*f - 18*y + 14*y = -54. What is the remainder when 43 is divided by f?
14
What is the remainder when (2268/(-35) - -4)/(21/(-315)) is divided by 230?
222
Suppose 2*l - g + 314 = -53, 5*g = -2*l - 337. Let r = 270 + l. Calculate the remainder when r is divided by 45.
44
Calculate the remainder when -422*(-126)/7*(-7)/(-28) is divided by 30.
9
Calculate the remainder when 7/((-3029)/338 + 9) is divided by 31.
27
Suppose -3475 - 611 = -3*r + 3*k, 5*k - 2710 = -2*r. Suppose -25*b + 21*b = -r. Suppose 80 + b = 7*f. Calculate the remainder when f is divided by 21.
18
Suppose -4*z = c - 333, 2*z - c - 75 = 84. What is the remainder when z is divided by (21*1)/((-42)/(-28))?
12
Suppose 2*q + 4 = 0, 5*i + 528 = 4*q - 3*q. Let m = i + 122. Let w(f) = f**3 + 8*f**2 + 4*f + 7. Calculate the remainder when w(-7) is divided by m.
12
Let d = 60 - 30. Let k = d + -71. Let u = k + 238. What is the remainder when u is divided by 18?
17
Let w = -2948 - -3232. What is the remainder when w is divided by 7?
4
Calculate the remainder when 773 is divided by 24/(2 - -6) - -30.
14
What is the remainder when (14*-25 - (-70)/140)*2/(-3) is divided by 9?
8
Let u = -126 - -121. Calculate the remainder when 75 is divided by (-4*u/(-14))/((-2)/28).
15
Suppose 1 = 5*f - 4*b - 5, -b = -1. Suppose 3*k + 80 = 7*k + r, -f*k + 30 = -2*r. Calculate the remainder when 129 is divided by k.
15
Let q(j) = 15*j**2 - 252*j + 150. What is the remainder when q(28) is divided by 180?
174
Suppose -4*c + 163 = h - 0*h, 4*h - c = 618. Calculate the remainder when 3409 is divided by h.
154
Suppose -3*f = -4*v + 9*v - 57920, 0 = -v + 4*f + 11607. What is the remainder when v is divided by 190?
187
Suppose -4*l + 21 = 7*t - 2*t, 4*t + 2*l - 12 = 0. Suppose -x = -t - 14. Suppose 0 = -46*r - 392 + 1450. What is the remainder when r is divided by x?
8
Suppose -5*m + 1263 = 2*m - 1992. What is the remainder when m is divided by 19?
9
Let i = 11902 - 9122. What is the remainder when i is divided by 58?
54
Suppose 72 = j - 42. Suppose 19 = 2*a - 3. Let y = 50 - a. Calculate the remainder when j is divided by y.
36
Suppose 4*i - 1188 + 3450 = 30*i. Calculate the remainder when 764 is divided by i.
68
Let u be (7/(147/(-14)))/((-2)/12). Suppose -22 - 138 = u*f. Let s = -15 - f. What is the remainder when 69 is divided by s?
19
Let i(v) = -4*v - 82. Let t be i(-23). Let s = -33 + t. What is the remainder when 44 is divided by s/(-2)*(16 - 14)?
21
Suppose 0 = 2*o + t - 3503, 0*o - o + 1756 = -4*t. Calculate the remainder when o is divided by 39.
36
Let i(q) = -4*q - 11. Let y be i(-4). Calculate the remainder when 174 is divided by 36 - ((-4)/y - (-12)/15).
30
Suppose 22*h = 2*t - 408, 4*t + 4*h = 6*t - 570. Calculate the remainder when 1791 is divided by t.
276
Let d(b) = -b**2 + 11*b - 13. Let k be d(8). Suppose -18*n + 49 = -k*n. Suppose -n*h + 24 = -67. Calculate the remainder when 28 is divided by h.
2
Let d = -7396 + 7483. What is the remainder when d is divided by 5?
2
Let g(x) = 389*x**2 - 9*x - 5. Let q be g(-2). Suppose 4*z + 3*m - 1255 = 0, 8*z + q = 13*z + 4*m. Calculate the remainder when z is divided by 21.
19
Suppose -6*l + 9*l - 4*r = 321, 0 = -5*r. Suppose -129*a = -l*a - 12650. Calculate the remainder wh